hat is the hundreds digit of 14684?
6
What is the thousands digit of 1468?
1
What is the hundreds digit of 128650?
6
What is the thousands digit of 10814?
0
What is the tens digit of 1034?
3
What is the thousands digit of 11733?
1
What is the thousands digit of 2273?
2
What is the units digit of 2719?
9
What is the hundreds digit of 189?
1
What is the hundreds digit of 583?
5
What is the units digit of 1209?
9
What is the thousands digit of 4535?
4
What is the hundreds digit of 195?
1
What is the tens digit of 319?
1
What is the units digit of 1098?
8
What is the hundreds digit of 437?
4
What is the thousands digit of 34551?
4
What is the hundreds digit of 2705?
7
What is the tens digit of 460?
6
What is the thousands digit of 1167?
1
What is the ten thousands digit of 29605?
2
What is the thousands digit of 33094?
3
What is the thousands digit of 6583?
6
What is the tens digit of 3387?
8
What is the hundreds digit of 1394?
3
What is the tens digit of 6142?
4
What is the units digit of 3048?
8
What is the hundreds digit of 3089?
0
What is the units digit of 8754?
4
What is the thousands digit of 6209?
6
What is the hundreds digit of 32202?
2
What is the units digit of 18534?
4
What is the units digit of 876?
6
What is the thousands digit of 20620?
0
What is the tens digit of 1829?
2
What is the units digit of 6479?
9
What is the hundreds digit of 764?
7
What is the ten thousands digit of 18722?
1
What is the units digit of 22489?
9
What is the hundreds digit of 1490?
4
What is the units digit of 53230?
0
What is the hundreds digit of 3647?
6
What is the hundreds digit of 1231?
2
What is the tens digit of 58090?
9
What is the tens digit of 456?
5
What is the units digit of 47460?
0
What is the hundreds digit of 17574?
5
What is the units digit of 147855?
5
What is the tens digit of 33747?
4
What is the hundreds digit of 62583?
5
What is the units digit of 5540?
0
What is the hundreds digit of 1192?
1
What is the hundreds digit of 6340?
3
What is the ten thousands digit of 13297?
1
What is the ten thousands digit of 24319?
2
What is the units digit of 5500?
0
What is the ten thousands digit of 34349?
3
What is the ten thousands digit of 23985?
2
What is the tens digit of 4244?
4
What is the thousands digit of 1452?
1
What is the units digit of 14026?
6
What is the units digit of 1975?
5
What is the tens digit of 8925?
2
What is the tens digit of 5458?
5
What is the hundreds digit of 1880?
8
What is the tens digit of 12243?
4
What is the hundreds digit of 89342?
3
What is the thousands digit of 6956?
6
What is the thousands digit of 1836?
1
What is the units digit of 2788?
8
What is the hundred thousands digit of 118137?
1
What is the hundreds digit of 1105?
1
What is the tens digit of 4056?
5
What is the thousands digit of 4754?
4
What is the hundreds digit of 13201?
2
What is the ten thousands digit of 36051?
3
What is the units digit of 704?
4
What is the tens digit of 199?
9
What is the thousands digit of 34320?
4
What is the units digit of 7?
7
What is the thousands digit of 68495?
8
What is the tens digit of 1736?
3
What is the units digit of 4916?
6
What is the hundreds digit of 761?
7
What is the units digit of 5846?
6
What is the tens digit of 10368?
6
What is the tens digit of 33786?
8
What is the tens digit of 7965?
6
What is the tens digit of 28?
2
What is the tens digit of 681?
8
What is the thousands digit of 4837?
4
What is the units digit of 18?
8
What is the ten thousands digit of 12379?
1
What is the tens digit of 4243?
4
What is the hundreds digit of 719?
7
What is the tens digit of 792?
9
What is the ten thousands digit of 17458?
1
What is the hundreds digit of 9981?
9
What is the hundreds digit of 174?
1
What is the units digit of 15150?
0
What is the thousands digit of 58914?
8
What is the tens digit of 96983?
8
What is the hundreds digit of 23344?
3
What is the tens digit of 1542?
4
What is the hundreds digit of 58679?
6
What is the tens digit of 230?
3
What is the thousands digit of 49621?
9
What is the tens digit of 2744?
4
What is the units digit of 15652?
2
What is the tens digit of 1984?
8
What is the units digit of 150?
0
What is the units digit of 45294?
4
What is the units digit of 1781?
1
What is the thousands digit of 8217?
8
What is the ten thousands digit of 29289?
2
What is the hundreds digit of 160?
1
What is the ten thousands digit of 49745?
4
What is the hundreds digit of 10181?
1
What is the units digit of 27043?
3
What is the hundreds digit of 34106?
1
What is the tens digit of 187826?
2
What is the hundreds digit of 5023?
0
What is the thousands digit of 46539?
6
What is the units digit of 29717?
7
What is the units digit of 10458?
8
What is the thousands digit of 41376?
1
What is the tens digit of 238?
3
What is the hundreds digit of 244?
2
What is the tens digit of 567?
6
What is the units digit of 261?
1
What is the hundreds digit of 3879?
8
What is the units digit of 59075?
5
What is the thousands digit of 53343?
3
What is the tens digit of 2604?
0
What is the hundreds digit of 684?
6
What is the hundreds digit of 1690?
6
What is the tens digit of 13458?
5
What is the units digit of 23030?
0
What is the units digit of 3053?
3
What is the thousands digit of 18508?
8
What is the tens digit of 899?
9
What is the units digit of 567?
7
What is the hundreds digit of 4944?
9
What is the units digit of 541?
1
What is the thousands digit of 3474?
3
What is the thousands digit of 12817?
2
What is the thousands digit of 14191?
4
What is the tens digit of 86579?
7
What is the units digit of 41485?
5
What is the tens digit of 948?
4
What is the units digit of 1755?
5
What is the hundreds digit of 10372?
3
What is the tens digit of 72?
7
What is the ten thousands digit of 53941?
5
What is the units digit of 1027?
7
What is the ten thousands digit of 11657?
1
What is the hundreds digit of 263?
2
What is the hundreds digit of 114031?
0
What is the hundreds digit of 802?
8
What is the hundreds digit of 14165?
1
What is the hundreds digit of 1254?
2
What is the tens digit of 6707?
0
What is the tens digit of 954?
5
What is the units digit of 15670?
0
What is the hundreds digit of 3867?
8
What is the tens digit of 7372?
7
What is the units digit of 90459?
9
What is the units digit of 15550?
0
What is the hundreds digit of 45897?
8
What is the tens digit of 4328?
2
What is the thousands digit of 1444?
1
What is the hundreds digit of 117?
1
What is the thousands digit of 1452?
1
What is the tens digit of 668?
6
What is the hundreds digit of 728?
7
What is the thousands digit of 30255?
0
What is the tens digit of 3153?
5
What is the units digit of 798?
8
What is the units digit of 740?
0
What is the units digit of 1795?
5
What is the thousands digit of 36119?
6
What is the hundreds digit of 17577?
5
What is the hundreds digit of 29806?
8
What is the tens digit of 46102?
0
What is the hundreds digit of 4600?
6
What is the hundreds digit of 1427?
4
What is the thousands digit of 82215?
2
What is the units digit of 114310?
0
What is the tens digit of 685?
8
What is the units digit of 5126?
6
What is the units digit of 2064?
4
What is the units digit of 56080?
0
What is the thousands digit of 2490?
2
What is the tens digit of 7127?
2
What is the units digit of 1327?
7
What is the units digit of 1701?
1
What is the hundreds digit of 14743?
7
What is the tens digit of 21382?
8
What is the tens digit of 1906?
0
What is the tens digit of 132916?
1
What is the thousands digit of 70744?
0
What is the tens digit of 109269?
6
What is the tens digit of 12?
1
What is the ten thousands digit of 38222?
3
What is the hundreds digit of 335?
3
What is the ten thousands digit of 11751?
1
What is the ten thousands digit of 28646?
2
What is the units digit of 2437?
7
What is the tens digit of 6413?
1
What is the units digit of 98388?
8
What is the thousands digit of 2299?
2
What is the units digit of 1959?
9
What is the tens digit of 414?
1
What is the hundreds digit of 36048?
0
What is the thousands digit of 28571?
8
What is the units digit of 16063?
3
What is the tens digit of 409?
0
What is the tens digit of 4445?
4
What is the tens digit of 2004?
0
What is the thousands digit of 4166?
4
What is the tens digit of 1797?
9
What is the tho